ppose 4*r = -3*w + 16, 0*r - 20 = 4*r. Suppose -w = 29*i - 25*i. Let q(k) = 15*k**2 - 3*k - 6. Let u be q(i). What is the highest common factor of u and 92?
46
Let f(h) = 13*h**2 - 10*h + 25. Suppose -77 = -6*a - a. Let k = -6 + a. Let y be f(k). Calculate the greatest common factor of y and 120.
60
Suppose -g - 5*c = -c + 7, 8*c + 77 = 5*g. Calculate the highest common divisor of 5319 and g.
9
Suppose 36*w - 39*w - 392 = -5*b, 0 = b - 9*w - 112. What is the greatest common divisor of 190 and b?
38
Suppose 51*d + 126 = 58*d. Let w(c) be the first derivative of c**3/3 - 11*c**2/2 - 10*c + 4. Let h be w(12). Calculate the highest common factor of h and d.
2
Let c = 46 + -30. Let m = -10 + c. Let k = 7 - -8. What is the greatest common factor of k and m?
3
Suppose o = 2*q + 63, o + 3*q - 171 = -2*o. Let z(s) = -4*s**3 + 214*s**2 - 92*s - 329. Let n be z(53). Calculate the greatest common factor of o and n.
59
Suppose 13*b = -15*b - 3*b + 202089. What is the highest common divisor of b and 41?
41
Let z = -231 + 382. Let a = z - 98. What is the highest common divisor of 106 and a?
53
Let x(s) be the second derivative of s**5/20 - 2*s**4/3 - s**3/6 - s**2 + 48*s. Let z be x(9). What is the greatest common factor of z and 28?
14
Suppose 51*g - 5806 = 4319 - 129. Calculate the greatest common divisor of 1862 and g.
98
Let u be (-216)/(-15) + 54/90. What is the highest common divisor of 560 and u?
5
Let n(r) = 64*r**2 + 120*r - 121. Let j be n(1). Calculate the highest common divisor of j and 11277.
63
Let v(u) = 5*u**3 - u**2 + 3*u - 2. Let j be v(2). Let i be (1 + 0/(-5))*6. Let s be ((-32)/i)/(2/15)*-1. What is the greatest common divisor of j and s?
40
Suppose 6 = 7*u - 50. Let o = 80 - 78. Calculate the highest common divisor of o and u.
2
Let y = -2176 + 2257. What is the highest common divisor of 9693 and y?
27
Suppose 2*f - 94 = -2*s, 4*f - 5*s - 117 - 98 = 0. What is the highest common divisor of f and 7925?
25
Let z = 287 - -73. Suppose 0*k - z = 6*k. Let m = -34 - k. What is the greatest common factor of m and 65?
13
Suppose -3*b + 262 = 5*d, -4*d + 261 = -b + 371. What is the greatest common factor of b and 2773?
47
Let x(c) = -5*c**2 - 137*c + 236. Let v be x(-29). What is the greatest common factor of v and 50?
2
Suppose -d = -5*r + 28, 5*r - 24 = 7*d - 4*d. Let x = -18 + 120. Calculate the greatest common factor of r and x.
6
Let w(g) = g**3 + 28. Let c be w(0). Let p(l) = 27*l**2 + 193*l + 32. Let d be p(-7). Calculate the highest common factor of d and c.
4
Suppose 5 = -5*g, 2*q - 3*g - 9 - 24 = 0. Let l = q - 2. Suppose x - 3*y = l, -4*y = -3*x - 0*y + 24. What is the highest common divisor of 20 and x?
4
Suppose 20*i + 26358 - 166660 = -38*i. What is the greatest common factor of 41 and i?
41
Let j(i) = 14*i**2 - 158*i - 523. Let c be j(14). Suppose 5*h - 261 = 4*h. Calculate the greatest common factor of c and h.
9
Let g = 1055 + -963. What is the greatest common factor of 253 and g?
23
Let j = 27 - -342. Suppose -5*t + 31 = x, -5*x - 4*t + 114 = -83. Calculate the greatest common divisor of x and j.
41
Suppose 2*w + 448 = r, -2*r + 5*w = -r - 448. Let u(s) = -17*s - 377. Let z be u(-23). What is the highest common divisor of z and r?
14
Suppose 523 = 17*u + 5*u - 225. What is the highest common divisor of 51 and u?
17
Suppose u + 3*v + 2 = 0, -4 = 3*u - 5*v + 2. Let a be -3*u*(-445)/(-15). What is the greatest common divisor of a and 2?
2
Let a = -971 + 1455. Calculate the highest common divisor of a and 44.
44
Suppose -360 - 553 = 11*l. Let z = l - -86. What is the highest common divisor of z and 25?
1
Suppose 2*k - 44 = -14. Let v be 654/k + -1 + 9/(-15). Calculate the greatest common divisor of 266 and v.
14
Let u(o) = -16*o + 1123. Let h be u(-8). What is the highest common factor of 18 and h?
9
Let y(n) = -15*n - 141. Let c be y(-9). Let k(g) = 31*g + 192. Let l be k(c). What is the highest common divisor of 138 and l?
6
Let o = 53 - 153. Let i = -95 + 1. Let j = i - o. What is the greatest common factor of 66 and j?
6
Suppose -670 = -10*l - 70. Calculate the highest common divisor of l and 12.
12
Let w be (12/(-5))/(-4)*35. Let c be (0 - 67) + (20 - w). Let n be c/(-5) - 12/(-30). What is the greatest common factor of n and 35?
7
Suppose 4*p - 16 = 0, -5*w + 0*w = 5*p - 365. Suppose 9 = -5*h + w. Calculate the highest common factor of 156 and h.
12
Let m be ((-4 - -3) + -3)/((-5)/10). Let d = 1 - -11. Suppose 0*u - 2*u + d = 0. What is the highest common factor of u and m?
2
Let l(a) = -a + 31. Let v be l(-5). Let t be -1 - 3 - 17*-8. What is the greatest common factor of v and t?
12
Suppose 2*c + 5*h = -149, 198 = -c - 2*c + h. Let t = c - -100. Suppose 2*i + 4*o + 132 = 6*i, i - 33 = 2*o. Calculate the highest common divisor of t and i.
33
Suppose 0 = h - 12*h + 55. Suppose 2*g + 3*t = 62, -4*g + 2*t - h = -113. Calculate the highest common divisor of 224 and g.
28
Suppose -c + 495 = -4*k + 28, -5*c + k = -2354. Let w = -12773 + 13694. Let u = w - c. What is the highest common divisor of 50 and u?
50
Let p be (4/6)/(3/(-27)). Let q be 0*p/(-18) + 59 + -1. What is the greatest common divisor of 522 and q?
58
Let h be (14034 - (-10)/(-5)) + (-77)/(-11). What is the highest common divisor of h and 139?
139
Let h = 19 + -19. Suppose 2*i + h*i + 4*d - 32 = 0, 0 = 2*i + 3*d - 27. Let j = 17 - i. Calculate the greatest common factor of j and 44.
11
Let a(y) = y**3 - 6*y**2 - 3*y + 4. Let r be a(7). Let p = r + -25. Suppose 2*h - p = 5*f, 2 = 5*h + f - 2. Calculate the highest common factor of 3 and h.
1
Suppose -28*i + 142 = 2. Let a(v) = 222*v - 38. Let c be a(i). What is the highest common divisor of c and 16?
16
Let a = 5626 + -3853. Calculate the highest common divisor of a and 27.
9
Let p(g) = 48*g**3 - 6*g**2 - 38*g + 228. Let n be p(5). Calculate the highest common factor of n and 230.
46
Suppose -36*j + 3074101 = 3073849. Suppose 16 = -3*l + 121. Calculate the greatest common divisor of l and j.
7
Let i = 174 + -170. Suppose i*f - u = 4192 - 844, 4*f + u - 3340 = 0. What is the highest common divisor of 19 and f?
19
Let q = 2626 + -2476. What is the highest common divisor of q and 6450?
150
Let s(a) = 198*a + 5228. Let r be s(-26). What is the greatest common divisor of 6040 and r?
40
Suppose 21 + 10 = g. Suppose 5*k + 3*q = 40, 3*k + 4*q + g = 4*k. Let m = 22 - k. Calculate the greatest common divisor of 99 and m.
11
Suppose 3*l = -4*h + 11943, 193*l - 192*l = 3*h + 3968. What is the highest common factor of l and 82?
41
Let b be (25/(-250))/(1/(-4))*1125. What is the greatest common divisor of b and 81?
9
Let f(t) = 121*t**2 + 1. Suppose 75*b - 1 = 74*b. Let q be f(b). Let r = -78 + q. What is the greatest common factor of 66 and r?
22
Let m(k) = 37*k + 1940. Let s be m(-52). What is the highest common divisor of s and 208?
16
Suppose 3*n = 37 + 5. Suppose 0 = -958*m + 957*m + 3*k + 310, 0 = -m - 16*k + 652. Calculate the highest common divisor of m and n.
14
Let z be -63*((-25)/(-15) - 2). Let c(m) = -m + 9. Let p be c(4). Suppose 0 = p*o - o, 0 = -3*t - 5*o + 126. What is the highest common factor of t and z?
21
Suppose 4*a - 2*k = 354 + 290, 3*k = -a + 147. Calculate the greatest common factor of a and 1325.
53
Let j(t) = -t**3 - 58*t**2 - 197*t - 3611. Let l be j(-57). Calculate the highest common divisor of l and 323.
17
Let f(m) = -2*m**2 - 1166*m**3 + 5*m**2 + 1165*m**3 + 40*m - 14. Let x be f(-7). Calculate the highest common factor of 49 and x.
49
Suppose 44*w + 45*w - 6192 = 80*w. What is the highest common factor of w and 112?
16
Let j = 84 - 66. Let p be 10/(j/(-90) - 26/(-30)). Suppose -29 = -g + 4*q + p, 4*g + 3*q - 138 = 0. What is the highest common divisor of 36 and g?
36
Let x(o) = -o**3 + 15*o**2 - 3. Suppose 22 + 23 = 3*v. Let z be x(v). Let d be (-16)/(z*(-3)/(-9)). Calculate the highest common divisor of d and 2.
2
Suppose -3*s = -85 - 11. Suppose -2*f + 3*f = 527. Suppose f = 2*r - 49. Calculate the highest common divisor of s and r.
32
Let l be 20/(-45) + 240/54. Suppose 0 = -3*v - l*y + 671, -677 = 2*v - 5*v + 2*y. Calculate the highest common factor of 9 and v.
9
Let h(b) = 1 + 8*b - 7*b + 3. Let s be h(-10). Let u be (-17)/51 - 98/s. Calculate the highest common factor of 80 and u.
16
Let 